{"id":20,"date":"2026-04-22T15:16:48","date_gmt":"2026-04-22T13:16:48","guid":{"rendered":"http:\/\/185.53.129.224\/?page_id=20"},"modified":"2026-04-22T15:21:09","modified_gmt":"2026-04-22T13:21:09","slug":"chers-consommateurs-2","status":"publish","type":"page","link":"https:\/\/que-choisir-ensemble-lauragais.fr\/","title":{"rendered":"Chers consommateurs,"},"content":{"rendered":"<div class=\"wp-block-image\">\n<figure class=\"alignright size-full is-resized\"><img loading=\"lazy\" decoding=\"async\" width=\"1000\" height=\"417\" src=\"https:\/\/ufc-que-choisir-lauragais.fr\/wp-content\/uploads\/2026\/04\/Nouveau-logo-local-Que-Choisir-Ensemble.jpg\" alt=\"\" class=\"wp-image-3550\" style=\"aspect-ratio:2.398138775442436;width:264px;height:auto\"\/><\/figure>\n<\/div>\n\n\n<p>L&rsquo;UFC Que Choisir devient \u00ab\u00a0Que Choisir Ensemble\u00a0\u00bb.<\/p>\n\n\n\n<p class=\"has-text-align-center\" style=\"font-size:18px\">                                                           <strong><u><mark style=\"background-color:rgba(0, 0, 0, 0);color:#17772b\" class=\"has-inline-color\">vous pouvez nous contacter :<\/mark><\/u><\/strong><\/p>\n\n\n\n<ul class=\"wp-block-list\">\n<li class=\"has-text-color has-link-color wp-elements-dc334fd0088f840519fae6373df63922\" style=\"color:#3e714c\">&nbsp;<strong>prioritairement<\/strong> <strong>par mail&nbsp;<\/strong> : <a href=\"mailto:contact@lauragais.ufcquechoisir.fr\"><strong>contact@lauragais.quechoisirensemble.fr<\/strong><\/a><\/li>\n<\/ul>\n\n\n\n<p class=\"has-text-align-left has-normal-font-size\">Merci de bien pr\u00e9ciser, si vous nous \u00e9crivez, votre nom, pr\u00e9nom, la ville de votre domicile, votre num\u00e9ro de t\u00e9l\u00e9phone, et une description succincte de votre probl\u00e8me. <\/p>\n\n\n<div class=\"wp-block-image\">\n<figure class=\"alignright size-full is-resized\"><img loading=\"lazy\" decoding=\"async\" width=\"1200\" height=\"883\" src=\"https:\/\/ufc-que-choisir-lauragais.fr\/wp-content\/uploads\/2023\/12\/logo_france_services-5f86cc7cd3c24.png\" alt=\"\" class=\"wp-image-2373\" style=\"width:110px;height:auto\"\/><\/figure>\n<\/div>\n\n\n<p>Vous pouvez \u00eatre accueilli dans les locaux de France Services : <\/p>\n\n\n\n<p>-\u00e0 Castanet Tolosan (29 avenue de Toulouse), sur rendez-vous au 05 34 66 73 10, le vendredi de 9h \u00e0 12h, hors vacances scolaires<\/p>\n\n\n\n<p>-\u00e0 Nailloux (2 avenue de St L\u00e9on), sur rendez-vous par t\u00e9l. 05 34 66 91 64,&nbsp;le&nbsp;mercredi apr\u00e8s-midi.<\/p>\n\n\n\n<p>Les consommateurs peuvent aussi \u00eatre re\u00e7us, uniquement <strong>sur rendez-vous<\/strong>,<\/p>\n\n\n\n<ul class=\"wp-block-list\">\n<li>le mardi entre 14h et 16h <strong>\u00e0 Villefranche<\/strong> (134 rue de la R\u00e9publique) <\/li>\n\n\n\n<li>le mercredi matin de 10h \u00e0 12h \u00e0 <strong>Caraman <\/strong>(19 cours Alsace Lorraine)<\/li>\n\n\n\n<li>le mercredi entre 15h et 17h \u00e0 <strong>Ramonville<\/strong> (18 Avenue d&rsquo;Occitanie) ou le samedi matin.<\/li>\n<\/ul>\n\n\n\n<div class=\"wp-block-group\"><div class=\"wp-block-group__inner-container is-layout-constrained wp-block-group-is-layout-constrained\">\n<div class=\"wp-block-group\"><div class=\"wp-block-group__inner-container is-layout-constrained wp-block-group-is-layout-constrained\">\n<ul class=\"wp-block-list\">\n<li class=\"has-text-color has-link-color wp-elements-263a75220547f029a6907f0485c69247\" style=\"color:#38744b\"><strong>par t\u00e9l\u00e9phone<\/strong> au 07 80 01 68 72 : <\/li>\n<\/ul>\n\n\n\n<p class=\"has-black-color has-text-color has-link-color wp-elements-8a5d39c27fcb322c08a4a34ec96c05a3\">Vous pouvez laisser un sms sur le r\u00e9pondeur (ou un message vocal), et nous vous rappellerons d\u00e8s que possible.<\/p>\n<\/div><\/div>\n<\/div><\/div>\n\n\n\n<ul class=\"wp-block-list\">\n<li class=\"has-text-color has-link-color wp-elements-ab3f47696a4e59e72a4a96bd3ab6ad39\" style=\"color:#39753e\"><strong>par courrier<\/strong> :&nbsp;<\/li>\n<\/ul>\n\n\n<div class=\"wp-block-image\">\n<figure class=\"aligncenter size-full is-resized\"><img loading=\"lazy\" decoding=\"async\" width=\"792\" height=\"354\" src=\"https:\/\/ufc-que-choisir-lauragais.fr\/wp-content\/uploads\/2026\/04\/adresse.jpg\" alt=\"\" class=\"wp-image-3565\" style=\"aspect-ratio:2.237310713911572;width:403px;height:auto\"\/><\/figure>\n<\/div>\n\n\n<p class=\"has-normal-font-size\"><strong>Que Choisir Ensemble du Lauragais vous r\u00e9pondra le plus rapidement possible. <\/strong><\/p>\n\n\n\n<div style=\"height:6px\" aria-hidden=\"true\" class=\"wp-block-spacer\"><\/div>\n\n\n\n<blockquote class=\"wp-block-quote is-style-default is-layout-flow wp-block-quote-is-layout-flow\">\n<p class=\"has-small-font-size\"><mark style=\"background-color:rgba(0, 0, 0, 0);color:#17772b\" class=\"has-inline-color\">Notre aide se situera au niveau du conseil; nous pourrons intervenir si besoin aupr\u00e8s de la partie adverse -un professionnel- , par courrier simple, courrier recommand\u00e9, mail ou t\u00e9l\u00e9phone, selon le cas. Si le litige est complexe, une action en justice pourra \u00eatre envisag\u00e9e. Dans la mesure du possible, nous essayons de r\u00e9gler les litiges \u00e0 l&rsquo;amiable, en \u00e9vitant de recourir \u00e0 la saisine d&rsquo;un tribunal, proc\u00e9dure longue et parfois co\u00fbteuse.<\/mark><\/p>\n<\/blockquote>\n\n\n\n<div style=\"height:7px\" aria-hidden=\"true\" class=\"wp-block-spacer\"><\/div>\n\n\n\n<p><\/p>\n","protected":false},"excerpt":{"rendered":"<p>L&rsquo;UFC Que Choisir devient \u00ab\u00a0Que Choisir Ensemble\u00a0\u00bb. vous pouvez nous contacter : Merci de bien pr\u00e9ciser, si vous nous \u00e9crivez, votre nom, pr\u00e9nom, la ville de votre domicile, votre num\u00e9ro de t\u00e9l\u00e9phone, et une description succincte de votre probl\u00e8me. Vous &hellip; <a href=\"https:\/\/que-choisir-ensemble-lauragais.fr\/\">Continuer la lecture <span class=\"meta-nav\">&rarr;<\/span><\/a><\/p>\n","protected":false},"author":1,"featured_media":0,"parent":0,"menu_order":0,"comment_status":"closed","ping_status":"closed","template":"","meta":{"footnotes":""},"class_list":["post-20","page","type-page","status-publish","hentry"],"_links":{"self":[{"href":"https:\/\/que-choisir-ensemble-lauragais.fr\/index.php\/wp-json\/wp\/v2\/pages\/20","targetHints":{"allow":["GET"]}}],"collection":[{"href":"https:\/\/que-choisir-ensemble-lauragais.fr\/index.php\/wp-json\/wp\/v2\/pages"}],"about":[{"href":"https:\/\/que-choisir-ensemble-lauragais.fr\/index.php\/wp-json\/wp\/v2\/types\/page"}],"author":[{"embeddable":true,"href":"https:\/\/que-choisir-ensemble-lauragais.fr\/index.php\/wp-json\/wp\/v2\/users\/1"}],"replies":[{"embeddable":true,"href":"https:\/\/que-choisir-ensemble-lauragais.fr\/index.php\/wp-json\/wp\/v2\/comments?post=20"}],"version-history":[{"count":241,"href":"https:\/\/que-choisir-ensemble-lauragais.fr\/index.php\/wp-json\/wp\/v2\/pages\/20\/revisions"}],"predecessor-version":[{"id":3577,"href":"https:\/\/que-choisir-ensemble-lauragais.fr\/index.php\/wp-json\/wp\/v2\/pages\/20\/revisions\/3577"}],"wp:attachment":[{"href":"https:\/\/que-choisir-ensemble-lauragais.fr\/index.php\/wp-json\/wp\/v2\/media?parent=20"}],"curies":[{"name":"wp","href":"https:\/\/api.w.org\/{rel}","templated":true}]}}